ainder when 953 is divided by 168.
113
What is the remainder when 7406 is divided by 247?
243
Calculate the remainder when 771 is divided by 25.
21
What is the remainder when 144 is divided by 86?
58
Calculate the remainder when 287 is divided by 25.
12
Calculate the remainder when 6526 is divided by 17.
15
Calculate the remainder when 9586 is divided by 51.
49
Calculate the remainder when 368 is divided by 59.
14
Calculate the remainder when 127 is divided by 32.
31
What is the remainder when 149 is divided by 51?
47
Calculate the remainder when 130 is divided by 28.
18
What is the remainder when 137 is divided by 119?
18
Calculate the remainder when 31214 is divided by 15.
14
Calculate the remainder when 101 is divided by 40.
21
What is the remainder when 20479 is divided by 14?
11
Calculate the remainder when 10896 is divided by 9.
6
What is the remainder when 751 is divided by 84?
79
Calculate the remainder when 192 is divided by 84.
24
What is the remainder when 1198 is divided by 11?
10
What is the remainder when 286 is divided by 55?
11
Calculate the remainder when 3841 is divided by 34.
33
What is the remainder when 7263 is divided by 169?
165
Calculate the remainder when 1049 is divided by 50.
49
Calculate the remainder when 468 is divided by 59.
55
Calculate the remainder when 423 is divided by 92.
55
Calculate the remainder when 4398 is divided by 220.
218
What is the remainder when 415 is divided by 345?
70
Calculate the remainder when 42062 is divided by 16.
14
Calculate the remainder when 1515 is divided by 66.
63
Calculate the remainder when 94 is divided by 48.
46
Calculate the remainder when 7171 is divided by 287.
283
Calculate the remainder when 1688 is divided by 130.
128
What is the remainder when 350 is divided by 186?
164
Calculate the remainder when 1908 is divided by 39.
36
What is the remainder when 4705 is divided by 110?
85
What is the remainder when 375 is divided by 9?
6
Calculate the remainder when 2053 is divided by 171.
1
What is the remainder when 108 is divided by 23?
16
Calculate the remainder when 241 is divided by 143.
98
What is the remainder when 204 is divided by 13?
9
Calculate the remainder when 218 is divided by 207.
11
What is the remainder when 520 is divided by 25?
20
Calculate the remainder when 78 is divided by 49.
29
What is the remainder when 1658 is divided by 19?
5
Calculate the remainder when 594 is divided by 104.
74
What is the remainder when 6953 is divided by 57?
56
Calculate the remainder when 2038 is divided by 136.
134
Calculate the remainder when 115 is divided by 24.
19
What is the remainder when 239 is divided by 57?
11
What is the remainder when 124 is divided by 9?
7
What is the remainder when 434 is divided by 109?
107
What is the remainder when 129 is divided by 59?
11
What is the remainder when 69 is divided by 22?
3
What is the remainder when 328 is divided by 37?
32
What is the remainder when 15 is divided by 9?
6
Calculate the remainder when 77 is divided by 35.
7
What is the remainder when 97 is divided by 10?
7
Calculate the remainder when 34 is divided by 13.
8
Calculate the remainder when 1312 is divided by 7.
3
Calculate the remainder when 110 is divided by 39.
32
Calculate the remainder when 805 is divided by 15.
10
Calculate the remainder when 2898 is divided by 57.
48
What is the remainder when 838 is divided by 84?
82
What is the remainder when 622 is divided by 67?
19
Calculate the remainder when 730 is divided by 43.
42
Calculate the remainder when 7257 is divided by 21.
12
Calculate the remainder when 17279 is divided by 15.
14
Calculate the remainder when 6876 is divided by 74.
68
What is the remainder when 3497 is divided by 22?
21
Calculate the remainder when 843 is divided by 162.
33
Calculate the remainder when 1714 is divided by 6.
4
Calculate the remainder when 152 is divided by 76.
0
What is the remainder when 1537 is divided by 77?
74
What is the remainder when 234 is divided by 5?
4
What is the remainder when 340 is divided by 18?
16
What is the remainder when 35 is divided by 30?
5
What is the remainder when 198 is divided by 56?
30
Calculate the remainder when 167 is divided by 13.
11
What is the remainder when 1664 is divided by 49?
47
Calculate the remainder when 88674 is divided by 167.
164
Calculate the remainder when 3565 is divided by 16.
13
What is the remainder when 5807 is divided by 37?
35
Calculate the remainder when 20 is divided by 14.
6
What is the remainder when 29294 is divided by 279?
278
What is the remainder when 290 is divided by 150?
140
Calculate the remainder when 67 is divided by 12.
7
Calculate the remainder when 4679 is divided by 52.
51
What is the remainder when 1260 is divided by 419?
3
What is the remainder when 83 is divided by 29?
25
Calculate the remainder when 40 is divided by 25.
15
What is the remainder when 276 is divided by 100?
76
What is the remainder when 131 is divided by 66?
65
Calculate the remainder when 2286 is divided by 2284.
2
What is the remainder when 1654 is divided by 827?
0
What is the remainder when 1259 is divided by 60?
59
Calculate the remainder when 1304 is divided by 208.
56
Calculate the remainder when 74 is divided by 22.
8
What is the remainder when 224 is divided by 32?
0
Calculate the remainder when 3568 is divided by 238.
236
What is the remainder when 361 is divided by 93?
82
What is the remainder when 628 is divided by 314?
0
Calculate the remainder when 78 is divided by 37.
4
Calculate the remainder when 172 is divided by 59.
54
What is the remainder when 225 is divided by 210?
15
What is the remainder when 2430 is divided by 44?
10
Calculate the remainder when 286 is divided by 279.
7
What is the remainder when 445 is divided by 113?
106
Calculate the remainder when 2576 is divided by 30.
26
What is the remainder when 1015 is divided by 40?
15
What is the remainder when 256 is divided by 47?
21
What is the remainder when 1047 is divided by 21?
18
What is the remainder when 2509 is divided by 5?
4
What is the remainder when 117 is divided by 14?
5
Calculate the remainder when 572 is divided by 32.
28
Calculate the remainder when 453 is divided by 112.
5
Calculate the remainder when 165 is divided by 142.
23
What is the remainder when 295 is divided by 54?
25
Calculate the remainder when 1449 is divided by 12.
9
Calculate the remainder when 1100 is divided by 58.
56
What is the remainder when 217 is divided by 33?
19
What is the remainder when 1720 is divided by 27?
19
Calculate the remainder when 1300 is divided by 376.
172
Calculate the remainder when 3469 is divided by 867.
1
Calculate the remainder when 7127 is divided by 155.
152
What is the remainder when 227 is divided by 47?
39
What is the remainder when 12510 is divided by 97?
94
What is the remainder when 285 is divided by 42?
33
Calculate the remainder when 2202 is divided by 45.
42
Calculate the remainder when 842 is divided by 21.
2
Calculate the remainder when 446 is divided by 15.
11
What is the remainder when 103 is divided by 99?
4
Calculate the remainder when 514 is divided by 22.
8
Calculate the remainder when 43 is divided by 11.
10
Calculate the remainder when 495 is divided by 30.
15
What is the remainder when 2957 is divided by 40?
37
What is the remainder when 125 is divided by 65?
60
What is the remainder when 496 is divided by 166?
164
Calculate the remainder when 365 is divided by 16.
13
What is the remainder when 13274 is divided by 2652?
14
What is the remainder when 282 is divided by 143?
139
What is the remainder when 51269 is divided by 136?
133
What is the remainder when 47 is divided by 25?
22
Calculate the remainder when 50 is divided by 38.
12
What is the remainder when 88 is divided by 45?
43
What is the remainder when 88 is divided by 50?
38
What is the remainder when 8 is divided by 8?
0
What is the remainder when 99 is divided by 7?
1
What is the remainder when 341 is divided by 18?
17
Calculate the remainder when 69 is divided by 2.
1
Calculate the remainder when 100 is divided by 21.
16
What is the remainder when 1050 is divided by 1050?
0
What is the remainder when 74 is divided by 13?
9
What is the remainder when 168 is divided by 73?
22
What is the remainder when 55 is divided by 2?
